+ -6?
-3
What is the value of (-8 + 4 - -2) + 2?
0
What is the value of 4 + ((0 - 18) + 5 - -4)?
-5
Evaluate 13 - 15 - (-4 - 2).
4
What is -10 - (-16 - (-4 + -5))?
-3
33 + -8 + -31 + (-2 - -1)
-7
-1 + 3 - (-7 - (-5 - 1))
3
Calculate -1 + -4 - (0 - (3 - 2)).
-4
Calculate -4 + 3 + -2 + 8.
5
What is 2 + (-2 - -3) + -7?
-4
5 - (-6 + (-4 - (-4 - 4)))
7
Evaluate (-1 - (2 - 2 - -1)) + 3.
1
Calculate 3 + -1 + 7 + -4 - 7.
-2
Calculate -1 + 0 - (6 + (0 - 2)).
-5
Evaluate -5 - (-3 - -6) - 0 - 1.
-9
Evaluate -3 - (-3 + (-2 - 1)).
3
Evaluate -2 + 4 - (28 - 31).
5
What is the value of -2 + -2 - -2 - 1?
-3
Calculate (-3 - -1) + -17 + 16.
-3
What is (6 - 18) + (-9 - -19)?
-2
-2 - (1 + -2 - 0)
-1
What is the value of -1 + (3 - 1 - 5) + 6?
2
What is (9 - 3) + -4 + 2?
4
Calculate 6 + -8 + -4 + 1.
-5
Calculate (-5 - -5) + -5 - -1.
-4
Calculate 6 + 3 + -10 + 3 + 0.
2
0 - (-1 - -4 - (-11 + 10))
-4
(0 - 6) + -6 + 10
-2
What is the value of 4 - (15 - (14 + -1))?
2
-12 + (13 - 15 - -21)
7
Evaluate 2 - (-3 - (3 - 9)).
-1
What is -200 + 192 - (0 + -1)?
-7
What is the value of 21 - 2 - (52 - 40)?
7
What is -2 - 2 - 0 - (10 - 14)?
0
(5 - 5) + -2 + -1 + 1
-2
What is the value of (4 - 7 - -7) + -7?
-3
Calculate -2 + -7 + 2 - (-1 - 2).
-4
What is -6 + 12 + -6 - 3?
-3
Calculate 7 - ((-3 - -1) + 4 + 1).
4
What is -6 + (-7 + 12 - 2 - 6)?
-9
Evaluate 9 + -1 - (2 + 2).
4
What is (-2 - (20 + -11)) + 16?
5
Evaluate (5 - (-4 - -6)) + (0 - 4).
-1
Calculate -17 + 20 + -9 + -3.
-9
Calculate 0 - (-1 - 3 - -7) - -5.
2
-3 + (-2 + -1 - -6)
0
What is (16 + -20 - (0 - 2)) + 3?
1
What is -1 + (0 - 1) - (66 - 67)?
-1
Calculate 101 + -109 - (-2 + 1).
-7
What is 5 + (-4 - 6) + 9?
4
-1 + (-10 + 4 - -16) + -4
5
What is the value of (-19 - -22) + (0 - -1)?
4
Calculate (2 - 1) + (0 - 0).
1
(-4 - -10) + (5 - 10)
1
(2 + -5 - -18) + -4 + -5
6
What is 9 + (-11 + -3 + 9 - 0)?
4
What is -4 + (-4 - -3 - 3) - -5?
-3
Calculate -1 + (0 - 0) + 7 - 3.
3
What is the value of 7 + (-9 + 7 - 1)?
4
2 - 5 - (-7 - -4)
0
What is 0 + -1 + 2 + -1?
0
What is the value of 4 - (4 + -1 - (7 - 5))?
3
What is the value of (-3 + 8 - (-1 + 9)) + 0?
-3
-4 - -7 - -2 - (-1 - -4)
2
-3 + 3 + 1 - (-1 + 0)
2
Evaluate (-1 - 0) + -7 + (14 - 10).
-4
What is (4 + 0 + -3 - 2) + 4?
3
What is the value of (-8 + 2 - -4) + (-2 - -2)?
-2
Evaluate 2 - 2 - (0 + 4).
-4
Calculate -4 + (-3 - -2) + (7 - 6).
-4
-6 + (12 - 3 - -5 - 8)
0
Calculate -2 + (9 - 0) + -5.
2
Evaluate 1 - 2 - (-12 + -1 + 13).
-1
What is 0 - ((1 - -5) + -11 + 7)?
-2
Calculate 0 + 2 + -2 + 3 + -6.
-3
8 + (1 - (7 - (-6 + 14)))
10
Calculate -6 + (-1 - (-8 + 3)) + 0.
-2
What is the value of (22 - 20) + (-5 - -2 - -1)?
0
What is -6 + (-1 - 2) + 11?
2
-2 + 0 + (-67 - -65)
-4
(0 - 7) + -29 + 33
-3
Calculate 3 + -4 + (6 - 4).
1
Evaluate -3 + 5 + 2 + -2.
2
Evaluate -10 - -4 - ((6 - -1) + -11).
-2
What is the value of (-5 - -9) + (1 - 1 - 7)?
-3
Calculate (-5 - (-6 + -2)) + 2 + -10.
-5
Evaluate 2 + 1 - (-5 - (0 + -5)).
3
What is the value of 42 + -49 - (-1 - 4)?
-2
What is -2 + 4 + (-1 - 3)?
-2
Evaluate 0 + 1 + 2 + 1 - -1.
5
(-1 - (7 - 13)) + -9
-4
Evaluate 0 + (-14 - -7) - -9.
2
0 + (5 - (4 - 6))
7
What is the value of 3 + 3 + 0 + 6 + -18?
-6
What is the value of -5 + 7 + 0 + -7?
-5
What is 2 - -2 - 2 - 6 - -6?
2
Calculate (1 - 1) + (-7 + 1 - -2).
-4
Evaluate -2 - (-1 - (3 + -4) - 1).
-1
Calculate 4 - ((6 - 5) + 5).
-2
Calculate 1 + (-3 - -1) + -255 + 252.
-4
Evaluate -2 + -1 - (97 + -94).
-6
3 + 7 + (-10 - 0 - 3)
-3
4 + (-4 - (-1 - -1)) + 2
2
What is the value of -24 + 30 - (2 - 1 - -6)?
-1
What is 1 - -7 - (28 - -6 - 19)?
-7
-1 + 9 + (5 - (-7 - -14))
6
What is 1 - ((-1 + -1 - 6) + 5)?
4
Evaluate (0 - 2) + (3 - 2) - -3.
2
What is -4 + (5 - 2) - (4 + -1)?
-4
Calculate -1 + (7 + -3 - 1).
2
Evaluate -4 + 5 - (-2 - 5 - -3).
5
What is the value of 1 - 9 - (-57 + 50)?
-1
Calculate (-10 - -17) + -1 + -9.
-3
What is the value of 0 + (4 - 0) + -2?
2
What is (1 - 11) + 4 + 4 - -7?
5
Evaluate 4 - 0 - 11 - -10.
3
Evaluate (3 - -2) + (2 - 4) + -2.
1
(-9 + 1 - (51 + -67)) + 2
10
Evaluate (-1 - -2) + -4 + (-2 - -1).
-4
What is the value of (5 - -3) + -4 - 6?
-2
Evaluate 0 - (-4 + -1 - (1 + -4)).
2
Evaluate 1 - 6 - (4 + -5).
-4
Evaluate -1 - 0 - (-13 + 16) - -2.
-2
Calculate 1 - -2 - (100 + -96).
-1
Calculate -1 - (2 + -2 + -8) - 3.
4
What is -1 + 0 - (5 - 4)?
-2
Calculate -3 + 3 - (0 - 1).
1
What is 65 + -72 + (5 - 0)?
-2
Evaluate (1 - (0 + 2)) + 4 - 4.
-1
Calculate 1 + 1 + -3 - -5.
4
Evaluate -7 - (2 + -1 + 1 + -6).
-3
0 + 0 + -2 + -1 + -2
-5
What is the value of -4 + (5 - (-5 - -1))?
5
What is the value of 5 + -45 + 35 + (0 - -5)?
0
What is the value of 8 - (-4 + 8) - 3?
1
Calculate -9 + (32 + -6 - 13).
4
Evaluate -1 + 8 + (-2 - 5) + 4.
4
(-1 - 0) + -10 + 22 + -6
5
What is the value of -7 + 8 + (2 - -3)?
6
2 + (-2 - 3) + 8
5
What is the value of 7 + 4 - (-7 - -19)?
-1
What is 2 + 1 - (-2 + 6) - 4?
-5
What is the value of 0 - -4 - (2 + -1)?
3
Calculate 6 + (-6 - -4 - 1).
3
Evaluate -3 + -2 - (2 - 6).
-1
-2 - (0 + (-7 - 1))
6
What is 81 - 68 - (-2 - -11)?
4
What is 0 + -2 + (-7 - -6) - -5?
2
Calculate 40 + -34 + -6 + 1 - -2.
3
Calculate -6 + -1 + (-73 - -80).
0
What is the value of -7 + 3 + (-2 - -4)?
-2
(0 - -3) + -2 + -2
-1
(9 - 3) + -5 - (4 + -5)
2
What is the value of 1 - 0 - (2 + 1)?
-2
What is -1 + (6 - 2 - 3) - 2?
-2
0 + -4 - (-9 - (2 + -8))
-1
2 - ((4 - 7) + 2)
3
What is 1 - ((-1 - 2) + 4 - -3)?
-3
Evaluate 3 - (1 + -3 - (2 + -3)).
4
What is the value of (3 - 6) + -1 + (0 - 1)?
-5
7 + 1 - (-4 + 6)
6
What is the value of ((-4 - -1) + 3 - 7) + 1?
-6
-4 - (2 + 1 - (7 - 4))
-4
Calculate (3 - 1 - -5) + -2 + 1.
6
What is -6 + (3 - 0) - (21 + -23)?
-1
What is (2 - (-5 - -6)) + -1?
0
What is the value of 0 - 2 - (-16 + 6)?
8
Calculate -9 + 15 + 0 + -4.
2
Calculate (-5 + -1 - -12) + 0.
6
1 - 5 - (-20 + 7 + 5)
4
Calculate (-2 - (0 + 4)) + (66 - 63).
-3
What is the value of 1 + (1 + -2 - (-3 - 1))?
4
Evaluate -4 - (-4 + 0) - (7 + -4).
-3
Evaluate -3 - -9 - (9 + -3).
0
Evaluate 0 - -2 - 3 - (-12 - -10).
1
Calculate -3 + (2 + 4 + -1 - 5).
-3
What is (7 - (-2 + 8)) + -4?
-3
Calculate 1 - ((0 - -2) + (12 - 14)).
1
What is (7 - 3) + -9 - -9?
4
What is the value of (4 - -2 - 17) + 14?
3
(-17 - -8) + (4 - 4)
-9
Calculate (-5 - 2) + 5 + -4 + 1.
-5
What is 9 + -13 + 13 + -3?
6
What is 3 - (-2 + -3 - -6)?
2
0 - -2 - (15 - 16)
3
-4 + 13 + -6 - 1
2
Calculate 16 + -8 + (-6 - 1) - -4.
5
What is the value of -7 + (5 - (3 - 3))?
-2
What is the value of 2 + (-4 - -14) + -8?
4
Evaluate 0 - -3 - (4 - 4).
3
Evaluate 11 + -1 + -2 + -3.
5
-3 - ((-6 - -4) + -2 + -1)
2
-1 + -2 + 0 - -7
4
What is (4 - 2 - -2) + -1?
3
Evaluate -4 - (-5 + 14) - (-8 - -1).
-6
Calculate 5 + (-6 - -7) - 0.
6
Calculate (-1 - 0) + (-2 - (-3 + 3)).
-3
Calculate (-4 - 7) + -4 - -7.
-8
Evaluate 17 - (30 + -19) - (-1 - -2).
5
0 + (2 - (2 + -6) - 0)
6
Evaluate (-3 + 3 - -5) + -2 - -2.
5
Calculate (2 - 0) + 2 - 0.
4
Evaluate 4 - (7 + -3 + -1).
1
Evaluate -1 + (5 - 7) + 0.
-3
Evaluate 14 + (-7 - -2) + (0 - -1).
10
Evaluate -7 + 14 - ((-1 - -14) + 0).
-6
-7 + 5 - (1 - 1)
-2
Evaluate 8 + -11 + 1 + 3.
1
Calculate 4 + (-6 - (-2 + -3)) + -5.
-2
Calculate 1 + 0 - (12 - 15).
4
What is the value of (5 - 2 - (-6 - -5)) + 1?
5
Evaluate -20 - -21 - (0 + 0).
1
1 + (1 - 7 - -3) + -3
-5
What is the value of -1 + -3 + 4 + -7?
-7
What is the value of (18 + -10 - -4) + -4?
8
What is 2 + -2 + 4 - 1?
3
-7 + 5 - (1 - 1)
-2
Calculate -6 - (-3 + (-6 - -6)).
-3
9 + -12 - (2 - 6)
1
Evaluate 1 + 2 - 2 - 6.
-5
Calculate -16 + 15 + (-1 + 2 - 0).
0
What is 3 - 0 - (0 + -6 - -6)?
3
What is 4 + (0 - (-7 + 4 + 5))?
2
What is 0 + 1 + (-2 - -4) - 6?
-3
What is the value of -7 + 1 + -2 + 3 + 0?
-5
What is -5 - (-1 + (-6 - -3))?
-1
-4 + 18 + (-4 - 5)
5
Calculate -11 + 5 + (3 - (1 + -1)).
-3
Calculate -1 + (-3 - -2) + 5.
3
Evaluate 3 + (1 - -3 - 4).
3
Evaluate 1 - (-4 - -10) - 0.
-5
What is 15 + -16 - (-10 - -4)?
5
2 - (0 + -1 + (1 - -3))
-1
((8 - 2) + -9 - -2) + -2
-3
What is -4 + 3 + 2 + 4?
5
Evaluate (-3 + -7 - 0) + 9.
-1
What is -11 + 2 - (-11 + 7)?
-5
What is the value of -6 - ((-8 - -3) + 4)?
-5
What is 2 - (1 - (-1 - (-2 + 3)))?
-1
What is -1 + -7 - (-12 - -5)?
-1
Calculate -6 + (11 - 0) + -5.
0
Evaluate -7 - -3 - (1 + (-8 - -1)).
2
Calculate 4 - (-3 + 12 + -2).
-3
What is the value 